by 2994.
1818
What is the remainder when 13449 is divided by 4423?
180
Calculate the remainder when 2287727 is divided by 1143836.
55
What is the remainder when 14096569 is divided by 6?
1
What is the remainder when 602425495 is divided by 500?
495
Calculate the remainder when 12717214 is divided by 183.
178
What is the remainder when 9068727 is divided by 16?
7
What is the remainder when 599827 is divided by 554?
399
What is the remainder when 3075496 is divided by 1537741?
14
Calculate the remainder when 18959 is divided by 1733.
1629
What is the remainder when 261348 is divided by 879?
285
Calculate the remainder when 23483855 is divided by 4696769.
10
What is the remainder when 5543171 is divided by 11429?
106
Calculate the remainder when 552482 is divided by 55198.
502
What is the remainder when 334232 is divided by 1051?
14
Calculate the remainder when 980889 is divided by 487411.
6067
What is the remainder when 23118764 is divided by 6516?
6512
What is the remainder when 11279479 is divided by 256351?
35
Calculate the remainder when 21324025 is divided by 3745.
3740
What is the remainder when 348927301 is divided by 22?
19
Calculate the remainder when 7241793 is divided by 293.
5
Calculate the remainder when 133606 is divided by 13339.
216
Calculate the remainder when 464691 is divided by 11154.
7377
Calculate the remainder when 118138 is divided by 819.
202
What is the remainder when 517864 is divided by 1081?
65
Calculate the remainder when 11955731 is divided by 258.
11
Calculate the remainder when 24098390 is divided by 359677.
31
Calculate the remainder when 1783468 is divided by 52450.
168
What is the remainder when 55132 is divided by 1254?
1210
What is the remainder when 360908 is divided by 61?
32
Calculate the remainder when 2421023 is divided by 605245.
43
Calculate the remainder when 269822 is divided by 992.
990
Calculate the remainder when 11144116 is divided by 11.
5
What is the remainder when 8319 is divided by 1029?
87
What is the remainder when 27459276 is divided by 515?
506
What is the remainder when 37556 is divided by 745?
306
What is the remainder when 13800 is divided by 4584?
48
Calculate the remainder when 340281 is divided by 131.
74
Calculate the remainder when 4257 is divided by 1445.
1367
What is the remainder when 2457814 is divided by 2895?
2854
What is the remainder when 711493 is divided by 35?
13
Calculate the remainder when 24473 is divided by 23955.
518
Calculate the remainder when 129031321 is divided by 72.
49
What is the remainder when 233738 is divided by 33383?
57
What is the remainder when 1503460 is divided by 501147?
19
Calculate the remainder when 267544 is divided by 267235.
309
What is the remainder when 23636337 is divided by 97?
56
What is the remainder when 41714 is divided by 1390?
14
Calculate the remainder when 1073666 is divided by 166.
144
What is the remainder when 56810786 is divided by 611?
6
Calculate the remainder when 11188552 is divided by 1398567.
16
Calculate the remainder when 14516798 is divided by 1996.
1886
Calculate the remainder when 84381011 is divided by 11113.
2
What is the remainder when 134661 is divided by 3284?
17
Calculate the remainder when 21358 is divided by 133.
78
What is the remainder when 484173 is divided by 53433?
3276
Calculate the remainder when 1548142 is divided by 5230.
62
What is the remainder when 3849753 is divided by 1283168?
249
Calculate the remainder when 30460155 is divided by 173069.
11
Calculate the remainder when 61972908 is divided by 189.
186
Calculate the remainder when 256601 is divided by 525.
401
Calculate the remainder when 1380533 is divided by 9.
5
What is the remainder when 201582 is divided by 454?
6
Calculate the remainder when 4426186 is divided by 565.
541
Calculate the remainder when 1704 is divided by 47.
12
Calculate the remainder when 83147034 is divided by 1658.
1650
Calculate the remainder when 165564 is divided by 16532.
244
What is the remainder when 346279 is divided by 328?
239
Calculate the remainder when 5111129 is divided by 1021.
3
Calculate the remainder when 3335888 is divided by 1111952.
32
Calculate the remainder when 292717 is divided by 461.
443
What is the remainder when 33987814 is divided by 16993904?
6
Calculate the remainder when 14480124 is divided by 14821.
7
What is the remainder when 3795195 is divided by 5108?
5059
What is the remainder when 7358 is divided by 7334?
24
What is the remainder when 3573797 is divided by 81?
77
What is the remainder when 520367 is divided by 47296?
111
What is the remainder when 1594075 is divided by 72394?
1407
Calculate the remainder when 2878466 is divided by 105.
101
What is the remainder when 14421 is divided by 10819?
3602
What is the remainder when 178529 is divided by 393?
107
Calculate the remainder when 788459 is divided by 2026.
345
Calculate the remainder when 35191411 is divided by 38.
29
What is the remainder when 23143841 is divided by 635?
631
What is the remainder when 88615866 is divided by 73?
71
What is the remainder when 29447 is divided by 1548?
35
Calculate the remainder when 61957 is divided by 134.
49
What is the remainder when 74139 is divided by 2997?
2211
Calculate the remainder when 10132637 is divided by 1489.
1481
Calculate the remainder when 15179799 is divided by 126498.
39
What is the remainder when 64474 is divided by 42?
4
Calculate the remainder when 1504392 is divided by 2.
0
Calculate the remainder when 7588 is divided by 1216.
292
What is the remainder when 7840989 is divided by 32?
29
What is the remainder when 71022512 is divided by 199?
9
Calculate the remainder when 5114041 is divided by 1101.
997
What is the remainder when 17306 is divided by 23?
10
Calculate the remainder when 158468911 is divided by 2481.
2479
Calculate the remainder when 2565919 is divided by 142.
121
Calculate the remainder when 62107067 is divided by 219.
200
What is the remainder when 1106017 is divided by 564?
13
Calculate the remainder when 298927 is divided by 33213.
10
What is the remainder when 7899616 is divided by 462?
340
Calculate the remainder when 464434796 is divided by 8300.
8296
Calculate the remainder when 1164986 is divided by 10.
6
What is the remainder when 300342500 is divided by 35?
10
What is the remainder when 598717 is divided by 3813?
76
What is the remainder when 30993219 is divided by 64?
3
Calculate the remainder when 1732064 is divided by 577338.
50
What is the remainder when 8598405 is divided by 156?
153
Calculate the remainder when 11404 is divided by 3633.
505
Calculate the remainder when 31876214 is divided by 7.
6
What is the remainder when 197892 is divided by 197765?
127
Calculate the remainder when 17698594 is divided by 1272.
1258
Calculate the remainder when 526192 is divided by 257453.
11286
Calculate the remainder when 51800254 is divided by 445.
29
Calculate the remainder when 505216 is divided by 6843.
5677
What is the remainder when 12972 is divided by 1340?
912
What is the remainder when 40949 is divided by 1073?
175
What is the remainder when 503509 is divided by 2543?
2538
Calculate the remainder when 7765783 is divided by 49.
18
What is the remainder when 7974837 is divided by 87?
69
Calculate the remainder when 236032 is divided by 1141.
986
What is the remainder when 204813086 is divided by 4837?
4832
Calculate the remainder when 28776 is divided by 146.
14
What is the remainder when 712204 is divided by 85?
74
Calculate the remainder when 6588016 is divided by 900.
16
Calculate the remainder when 736175 is divided by 65.
50
Calculate the remainder when 1224219 is divided by 157.
90
What is the remainder when 1343717 is divided by 1343508?
209
What is the remainder when 14198297 is divided by 788789?
95
Calculate the remainder when 1596933 is divided by 341.
30
Calculate the remainder when 34764 is divided by 1386.
114
Calculate the remainder when 2444203 is divided by 7362.
19
What is the remainder when 15970308 is divided by 7985148?
12
Calculate the remainder when 2142854 is divided by 133737.
3062
Calculate the remainder when 115052131 is divided by 38350708.
7
What is the remainder when 408376 is divided by 408374?
2
What is the remainder when 57663718 is divided by 4118831?
84
What is 